1022121100 (base 3) in base 7?
54604611
What is 761542 (base 8) in base 10?
254818
What is 1002033223 (base 4) in base 11?
175952
What is -1204203100 (base 5) in base 12?
-b324b1
-619 (base 11) to base 8
-1352
-2657617 (base 8) to base 13
-201354
What is -101010110000111010 (base 2) in base 10?
-175162
Convert -1001111220 (base 6) to base 15.
-d528b9
Convert -223301533 (base 6) to base 3.
-21200102120110
What is -2085ca (base 13) in base 14?
-15b577
Convert -1885664 (base 9) to base 15.
-15e35a
What is 531463 (base 13) in base 12?
79977a
-13530071 (base 8) to base 11
-17aa939
-3152531 (base 6) to base 3
-21212102101
2242211300 (base 5) to base 9
10428248
-45b04 (base 13) to base 11
-87539
Convert -47b777 (base 12) to base 13.
-31834c
551484 (base 9) to base 4
1100113123
What is -232760 (base 9) in base 14?
-38d80
What is 36263 (base 9) in base 15?
72d6
7414652 (base 11) to base 14
1a41891
-32032270 (base 8) to base 7
-112022215
-426300 (base 13) to base 2
-101111011111000001111
Convert 22d92a (base 15) to base 14.
31519a
What is 3e90cd (base 15) in base 10?
3017443
What is -85807b (base 12) in base 8?
-10025537
6b54ec (base 15) to base 11
29950a7
5898503 (base 11) to base 2
100111010000000001010110
What is 109007 (base 10) in base 6?
2200355
Convert -22324165 (base 7) to base 15.
-28481a
What is 3687100 (base 9) in base 10?
2006289
What is 2002221111 (base 3) in base 12?
20034
2414226 (base 10) to base 7
26343363
What is -2ba2 (base 15) in base 2?
-10010010100001
Convert -27d1 (base 14) to base 8.
-15603
Convert -1976912 (base 10) to base 12.
-7b4068
-7a1428 (base 11) to base 14
-252c32
What is 28738852 (base 9) in base 16?
d98b7b
14a3a (base 14) to base 12
258b8
Convert -1279729 (base 10) to base 14.
-254533
200332013 (base 4) to base 3
20212020202
25533241 (base 6) to base 9
1514617
What is -3955a (base 13) in base 6?
-2140252
-134010a (base 11) to base 7
-25443430
Convert -58957 (base 14) to base 11.
-138209
Convert -121120210121 (base 3) to base 15.
-66ad1
Convert 19b07 (base 14) to base 13.
23932
-29287 (base 11) to base 5
-2312343
11177 (base 9) to base 6
54241
Convert b1662 (base 13) to base 11.
1a7572
Convert 101000010110101110111 (base 2) to base 15.
1b1c24
Convert 1258989 (base 10) to base 9.
2328006
Convert -3cde4 (base 15) to base 16.
-2fbba
Convert -4667413 (base 10) to base 14.
-896d49
What is 23331221313 (base 4) in base 13?
85a5bc
Convert 2415475 (base 8) to base 5.
132143313
Convert -6530556 (base 7) to base 8.
-3025352
-1111011001001010111011 (base 2) to base 10
-4035259
What is e7492 (base 15) in base 9?
1337042
-112230000 (base 4) to base 11
-63900
What is -65a42 (base 12) in base 16?
-20d92
What is 31114411 (base 6) in base 9?
1615747
What is -21222 (base 15) in base 3?
-12100011212
What is -12317736 (base 9) in base 10?
-6035262
-dc75d (base 16) to base 13
-25802c
What is -622351 (base 9) in base 8?
-1321013
1000010100000010110 (base 2) to base 13
96cb4
What is 124183d (base 14) in base 9?
17435775
Convert 100011101110100001001 (base 2) to base 4.
10131310021
Convert -288b5 (base 15) to base 9.
-217558
Convert 8998479 (base 10) to base 3.
121221011121000
Convert 233010233122 (base 4) to base 8.
57045732
-1da1b3 (base 14) to base 4
-10010001001
Convert 300110310 (base 4) to base 8.
602464
What is 30201130211 (base 4) in base 6?
154205445
2103000340 (base 5) to base 12
1555971
1111001000100110100 (base 2) to base 5
111332144
5cdd (base 15) to base 6
231331
Convert 757cc (base 13) to base 2.
110011110100100111
Convert 81bb7 (base 14) to base 13.
ac25c
2210330120 (base 4) to base 9
1238675
What is bc (base 16) in base 3?
20222
Convert c643b (base 14) to base 6.
14130153
What is -368230c (base 13) in base 4?
-1000220020102
Convert -4769bd (base 14) to base 16.
-2535cb
-411004422 (base 5) to base 12
-67a9ba
What is -348bb (base 16) in base 12?
-a4677
130122113200 (base 4) to base 16
71a5e0
Convert -1100011100110100001 (base 2) to base 8.
-1434641
Convert -1011001110110011100 (base 2) to base 8.
-1316634
Convert -1210211221021 (base 3) to base 8.
-3525740
4568312 (base 9) to base 8
11321235
-1131123310 (base 4) to base 7
-3152524
Convert -50758 (base 11) to base 14.
-1d01d
-4144042 (base 5) to base 2
-10000110000100111
What is 561208 (base 9) in base 8?
1217226
3837534 (base 9) to base 4
13332232201
Convert 3476321 (base 8) to base 9.
1706362
Convert 87427 (base 15) to base 5.
102221222
3733345 (base 8) to base 14
1cb457
Convert -12111110202 (base 3) to base 16.
-1a6cc
-1100011011011100111 (base 2) to base 16
-636e7
What is 3018421 (base 10) in base 9?
5610441
What is -34120335 (base 6) in base 3?
-1221200101212
What is -2956d (base 14) in base 4?
-121003031
-512579 (base 10) to base 4
-1331021003
22150 (base 10) to base 14
8102
Convert -52004243 (base 6) to base 11.
-930481
Convert 333c (base 14) to base 15.
2969
14010400 (base 5) to base 16
22826
What is -3043124223 (base 5) in base 14?
-b80172
What is e60d (base 16) in base 6?
1132353
Convert -1000110000100001100 (base 2) to base 6.
-10052352
-5136a25 (base 11) to base 10
-9072002
What is -1054575 (base 8) in base 6?
-10035405
-2111020211211 (base 3) to base 10
-1323751
Convert -323310002 (base 4) to base 13.
-87689
Convert -b44d5 (base 14) to base 2.
-1101010000101011011
-101320 (base 9) to base 13
-21435
-11010101111011001 (base 2) to base 3
-12120020122
Convert -66153021 (base 7) to base 12.
-1a99380
What is -1406e3a (base 15) in base 2?
-110111001000001101111100
-10404026 (base 7) to base 16
-d9d03
What is 150825 (base 10) in base 5?
14311300
Convert 357404 (base 13) to base 6.
43140155
-24ab1 (base 16) to base 3
-21122000201
What is -22422304 (base 5) in base 14?
-53667
Convert cbf01b (base 16) to base 8.
62770033
-4510452 (base 7) to base 13
-166857
What is -6448763 (base 11) in base 7?
-165264002
-67435 (base 10) to base 14
-1a80b
-3b2b76 (base 13) to base 7
-15122632
Convert -201a62 (base 11) to base 8.
-1172147
111a4a1 (base 11) to base 15
28b13d
What is 570268 (base 9) in base 14?
8c5b6
What is 17658d (base 16) in base 15?
2044ba
2324051 (base 7) to base 16
47459
Convert -2110201201 (base 3) to base 2.
-1011111000000110
2bc5226 (base 13) to base 8
65603230
552ab8 (base 12) to base 13
384a25
What is 3012323013 (base 4) in base 13?
226b33
Convert d1b3 (base 16) to base 11.
37373
Convert 441111322 (base 5) to base 8.
7164273
What is -132421 (base 5) in base 11?
-4034
-aa240 (base 14) to base 3
-202221020001
What is 53055646 (base 7) in base 2?
10001000110111001100110
What is -14cac35 (base 14) in base 4?
-212303110033
Convert 21211303201 (base 4) to base 9.
4651674
What is 123839 (base 14) in base 5?
124441012
111000011110011111101011 (base 2) to base 3
1000212011121021
What is -807be (base 15) in base 14?
-a833c
Convert 154117 (base 11) to base 5.
30132334
Convert -24124 (base 7) to base 4.
-1201201
2202133130 (base 4) to base 10
665564
What is 20202201121021 (base 3) in base 11?
20371a3
Convert 43938 (base 11) to base 8.
174307
What is -10220 (base 3) in base 12?
-89
Convert -3302bd (base 14) to base 7.
-20461426
-161ba (base 13) to base 15
-c6e5
e3bb0 (base 15) to base 6
23244203
2542506 (base 7) to base 15
67b19
-3540555 (base 6) to base 3
-100100201222
What is -4304413 (base 5) in base 12?
-35b43
What is 3412221331 (base 5) in base 4?
130300210112
What is 2211022 (base 6) in base 8?
327466
What is 1000010001110110100011 (base 2) in base 8?
10216643
Convert 251700 (base 9) to base 13.
54378
What is 100313032013 (base 4) in base 11?
254a1a5
1920e (base 16) to base 13
37b05
What is -10542224 (base 7) in base 3?
-1201122020102
Convert -157476 (base 9) to base 15.
-1dca0
Convert -44444 (base 8) to base 9.
-27614
102201201111101 (base 3) to base 9
12651441
309557 (base 10) to base 9
521562
Convert -2270e (base 16) to base 3.
-21011111211
What is 2901ac (base 16) in base 7?
31561666
Convert 66462 (base 10) to base 15.
14a5c
Convert 56867 (base 13) to base 6.
3212452
What is -10023321212 (base 4) in base 13?
-2c5601
570ba3a (base 12) to base 16
feb40e
What is -202237 (base 12) in base 4?
-1322123023
11111100100111000 (base 2) to base 4
133210320
Convert -202100221012201 (base 3) to base 5.
-10232334341
133454 (base 10) to base 6
2505502
What is 194780 (base 13) in ba